ase 12) to base 16
a52
13002 (base 4) to base 7
1212
What is 340 (base 13) in base 10?
559
101100110101111 (base 2) to base 12
11353
-142200 (base 5) to base 14
-2233
220133 (base 4) to base 14
d31
Convert 6d3 (base 14) to base 16.
551
Convert -2302 (base 5) to base 15.
-16c
What is -22344 (base 8) in base 7?
-36351
What is -552 (base 9) in base 15?
-202
What is -2146 (base 10) in base 5?
-32041
-54231 (base 7) to base 5
-412442
Convert 759 (base 14) to base 4.
112223
Convert 4205 (base 9) to base 3.
11020012
What is -82 (base 15) in base 10?
-122
What is 209 (base 12) in base 16?
129
What is 39fa (base 16) in base 6?
152414
Convert -324 (base 6) to base 2.
-1111100
1c0 (base 15) to base 10
405
What is -1825 (base 14) in base 3?
-12221221
What is -a7d (base 14) in base 9?
-2751
What is 114a (base 12) in base 16?
78a
4a73 (base 14) to base 13
5c1b
Convert 119 (base 16) to base 6.
1145
What is 25222 (base 9) in base 16?
4235
What is 156 (base 11) in base 8?
266
Convert -1262 (base 9) to base 14.
-4b9
Convert 661 (base 7) to base 13.
1cc
What is -40c (base 14) in base 10?
-796
What is 55ba (base 15) in base 12?
a627
What is -20212 (base 4) in base 13?
-334
What is -cdf (base 16) in base 4?
-303133
18587 (base 9) to base 13
5b27
-491 (base 10) to base 9
-605
1055 (base 14) to base 10
2819
-104111 (base 6) to base 13
-3c4c
What is 101010001110011 (base 2) in base 13?
9ac0
What is -8be (base 16) in base 3?
-10001220
What is -102121112 (base 3) in base 15?
-2795
-166aa (base 11) to base 14
-87a9
Convert 6065 (base 9) to base 7.
15632
-6254 (base 7) to base 2
-100010010011
-c22 (base 15) to base 7
-10652
-3018 (base 12) to base 16
-1454
Convert -231121 (base 4) to base 2.
-101101011001
What is -1329b (base 12) in base 9?
-40102
Convert b34 (base 14) to base 4.
202122
Convert -1053 (base 9) to base 4.
-30021
What is -2520 (base 7) in base 12?
-669
2bd (base 15) to base 9
767
What is 6065 (base 9) in base 16?
1151
-110020000 (base 3) to base 8
-21316
What is -105166 (base 8) in base 2?
-1000101001110110
-224 (base 12) to base 13
-1b4
Convert -14302 (base 5) to base 8.
-2262
-1223 (base 4) to base 13
-83
Convert 2010 (base 10) to base 11.
1568
-2422 (base 14) to base 5
-200202
Convert 1082b (base 14) to base 4.
21301113
Convert -23010 (base 5) to base 16.
-65e
What is 202010112 (base 3) in base 11?
10031
34525 (base 7) to base 4
2022013
What is 934 (base 11) in base 16?
466
What is -120021 (base 3) in base 2?
-110011100
What is -3a95 (base 11) in base 6?
-40323
What is 1022202 (base 3) in base 5?
12330
-166 (base 14) to base 13
-190
Convert 84a3 (base 15) to base 16.
6d95
Convert 20201131 (base 4) to base 15.
a524
-580b (base 13) to base 15
-39d3
What is -1111011 (base 5) in base 4?
-10300302
Convert 110301 (base 4) to base 7.
3606
Convert 3a5 (base 13) to base 2.
1010000010
1000011110100 (base 2) to base 12
2618
What is -124250 (base 6) in base 8?
-26106
What is 6 (base 12) in base 8?
6
What is -7382 (base 10) in base 9?
-11112
What is 1b446 (base 12) in base 13?
154b9
What is 473 (base 12) in base 10?
663
What is 3b81 (base 15) in base 3?
122110011
12874 (base 13) to base 14
c774
-5742 (base 15) to base 14
-6a64
Convert -2226 (base 13) to base 15.
-1629
-573 (base 12) to base 13
-4a1
-13451 (base 6) to base 8
-4107
What is 1204100 (base 5) in base 10?
22400
1123 (base 7) to base 10
409
Convert -3919 (base 11) to base 2.
-1001111101110
Convert 519 (base 10) to base 15.
249
Convert -26353 (base 8) to base 5.
-331444
2b1 (base 14) to base 16
223
55255 (base 6) to base 12
452b
What is -66025 (base 7) in base 3?
-211121111
Convert 38 (base 15) to base 14.
3b
Convert 1134 (base 6) to base 9.
334
What is -d2d (base 15) in base 3?
-11001221
Convert -26054 (base 12) to base 4.
-30223000
3032113 (base 4) to base 7
53335
1011101110101 (base 2) to base 10
6005
Convert 10000221012 (base 3) to base 5.
3402404
What is a (base 13) in base 14?
a
-101111 (base 4) to base 14
-593
Convert -1b3 (base 14) to base 15.
-188
552 (base 7) to base 13
189
Convert -24744 (base 8) to base 10.
-10724
451 (base 12) to base 15
2c7
122211020 (base 3) to base 8
31301
-100011010 (base 2) to base 11
-237
Convert -11011010001011 (base 2) to base 4.
-3122023
-640 (base 7) to base 10
-322
Convert -145 (base 8) to base 16.
-65
12310320 (base 4) to base 10
27960
Convert b588 (base 13) to base 15.
769e
Convert -2ac (base 15) to base 4.
-21210
-10202 (base 6) to base 3
-1212202
Convert -103 (base 4) to base 6.
-31
What is 347 (base 11) in base 5?
3124
Convert 4236 (base 13) to base 15.
2ab6
What is -65 (base 12) in base 15?
-52
Convert 84 (base 16) to base 12.
b0
Convert -3303030 (base 4) to base 2.
-11110011001100
What is 4567 (base 8) in base 13?
1145
-a445 (base 11) to base 13
-63bb
What is -100001000100 (base 2) in base 15?
-961
10113 (base 7) to base 16
99c
What is 302301 (base 4) in base 12?
1a69
-233 (base 4) to base 6
-115
3024 (base 7) to base 15
49c
-27743 (base 9) to base 2
-100100110001111
-334344 (base 5) to base 10
-11849
Convert 1122444 (base 5) to base 7.
113254
15328 (base 9) to base 6
120255
What is 7339 (base 12) in base 15?
3ad3
What is 22220120 (base 3) in base 6?
50023
What is 11001101 (base 2) in base 13?
12a
What is 5b3 (base 13) in base 6?
4331
What is 3a3 (base 12) in base 2?
1000101011
What is -10220200 (base 3) in base 11?
-2164
Convert -3313 (base 12) to base 15.
-1a06
-32031 (base 4) to base 16
-38d
Convert -996 (base 10) to base 3.
-1100220
What is 213023 (base 4) in base 16?
9cb
Convert -10010111110011 (base 2) to base 4.
-2113303
Convert -1545 (base 11) to base 9.
-2645
Convert 18476 (base 11) to base 9.
38418
87e1 (base 16) to base 2
1000011111100001
What is 1150 (base 7) in base 11?
359
-118c (base 14) to base 10
-3064
-165a (base 16) to base 8
-13132
What is 2dc (base 14) in base 13?
361
Convert 1202 (base 4) to base 9.
118
What is 7add (base 14) in base 4?
11031303
Convert 25216 (base 12) to base 6.
1025230
Convert -39131 (base 10) to base 7.
-222041
Convert 11023 (base 6) to base 8.
2767
Convert -25933 (base 11) to base 12.
-19546
Convert 3440 (base 6) to base 9.
1106
Convert 16258 (base 9) to base 11.
8417
Convert -100001111010 (base 2) to base 8.
-4172
2100001000 (base 3) to base 7
250656
Convert 2750 (base 12) to base 4.
1012230
What is -5ec8 (base 15) in base 12?
-b845
Convert -2203 (base 5) to base 2.
-100101111
Convert 22321 (base 4) to base 13.
418
What is 23301213 (base 4) in base 10?
48231
Convert 130 (base 4) to base 16.
1c
What is 102000 (base 3) in base 11?
250
Convert 43310 (base 6) to base 8.
13472
What is 4a3 (base 13) in base 3?
1002222
Convert -1514 (base 7) to base 3.
-211012
What is -1000110111 (base 2) in base 3?
-210000
What is -101110 (base 3) in base 13?
-189
What is 39405 (base 10) in base 7?
222612
What is 1442 (base 14) in base 3?
11220211
Convert 880 (base 14) to base 4.
122100
What is -56674 (base 8) in base 13?
-abcb
58b (base 14) to base 12
77b
484 (base 9) to base 10
400
What is 10110110110010 (base 2) in base 4?
2312302
What is -6354 (base 9) in base 8?
-11072
-510 (base 9) to base 15
-1c9
Convert 10958 (base 14) to base 2.
1001110101000010
Convert 329 (base 12) to base 14.
253
What is -1965 (base 13) in base 16?
-ed9
Convert 1010001 (base 4) to base 15.
1453
Convert 1100000001011011 (base 2) to base 10.
49243
What is -33220 (base 4) in base 14?
-516
What is 5060 (base 11) in base 2?
1101001000001
Convert -1111110101111 (base 2) to base 9.
-12112
20110 (base 5) to base 14
676
Convert 1364 (base 8) to base 11.
628
What is 1053 (base 9) in base 10?
777
-113110 (base 4) to base 6
-10524
-15b (base 14) to base 13
-184
What is 4d3c (base 16) in base 13?
8ccc
Convert -589 (base 11) to base 6.
-3130
Convert 52a1 (base 13) to base 6.
125010
What is -4540 (base 7) in base 14?
-857
What is 3157 (base 8) in base 11?
1268
Convert 5353 (base 16) to base 11.
15032
Convert 21003 (base 4) to base 5.
4304
Convert -1577 (base 9) to base 10.
-1204
What is -44343 (base 6) in base 2?
-1100000100111
What is 1222201 (base 3) in base 14?
758
181 (base 11) to base 16
d2
Convert 12032 (base 6) to base 8.
3324
Convert 5b06 (base 16) to base 6.
255514
-9391 (base 12) to base 5
-1003333
Convert 340b (base 12) to base 5.
141041
What is 26555 (base 7) 